 is the units digit of 78?
8
What is the tens digit of 1555?
5
What is the tens digit of 1161?
6
What is the units digit of 3095?
5
What is the tens digit of 7258?
5
What is the hundreds digit of 263?
2
What is the hundreds digit of 1355?
3
What is the tens digit of 44482?
8
What is the tens digit of 375?
7
What is the hundreds digit of 19023?
0
What is the tens digit of 62921?
2
What is the tens digit of 3879?
7
What is the hundreds digit of 1661?
6
What is the hundreds digit of 15122?
1
What is the hundreds digit of 417?
4
What is the units digit of 22340?
0
What is the ten thousands digit of 25835?
2
What is the hundreds digit of 3823?
8
What is the hundreds digit of 903?
9
What is the thousands digit of 1521?
1
What is the hundreds digit of 196?
1
What is the thousands digit of 5816?
5
What is the thousands digit of 2168?
2
What is the units digit of 174475?
5
What is the thousands digit of 2236?
2
What is the units digit of 1839?
9
What is the tens digit of 234?
3
What is the hundreds digit of 5951?
9
What is the hundreds digit of 9243?
2
What is the hundreds digit of 26103?
1
What is the units digit of 46971?
1
What is the thousands digit of 43476?
3
What is the tens digit of 3981?
8
What is the tens digit of 1182?
8
What is the units digit of 3287?
7
What is the units digit of 2241?
1
What is the units digit of 4650?
0
What is the hundreds digit of 7203?
2
What is the units digit of 299?
9
What is the tens digit of 3270?
7
What is the hundreds digit of 7668?
6
What is the ten thousands digit of 162942?
6
What is the thousands digit of 6188?
6
What is the thousands digit of 1025?
1
What is the hundreds digit of 867?
8
What is the thousands digit of 33699?
3
What is the ten thousands digit of 10322?
1
What is the tens digit of 836?
3
What is the thousands digit of 36307?
6
What is the tens digit of 25919?
1
What is the tens digit of 4653?
5
What is the units digit of 132465?
5
What is the ten thousands digit of 11850?
1
What is the thousands digit of 8109?
8
What is the thousands digit of 37196?
7
What is the ten thousands digit of 29082?
2
What is the hundred thousands digit of 106362?
1
What is the ten thousands digit of 21934?
2
What is the thousands digit of 6294?
6
What is the tens digit of 13703?
0
What is the hundreds digit of 2292?
2
What is the tens digit of 763?
6
What is the tens digit of 590?
9
What is the tens digit of 4807?
0
What is the hundreds digit of 2388?
3
What is the ten thousands digit of 30211?
3
What is the tens digit of 4919?
1
What is the hundreds digit of 9572?
5
What is the tens digit of 546?
4
What is the hundred thousands digit of 131445?
1
What is the thousands digit of 3991?
3
What is the thousands digit of 111254?
1
What is the units digit of 378?
8
What is the units digit of 6783?
3
What is the tens digit of 94993?
9
What is the thousands digit of 39272?
9
What is the tens digit of 739?
3
What is the thousands digit of 4182?
4
What is the units digit of 7935?
5
What is the tens digit of 4767?
6
What is the hundreds digit of 5874?
8
What is the tens digit of 1053?
5
What is the thousands digit of 1116?
1
What is the units digit of 18986?
6
What is the thousands digit of 59631?
9
What is the hundreds digit of 4096?
0
What is the ten thousands digit of 80224?
8
What is the units digit of 655?
5
What is the units digit of 3695?
5
What is the thousands digit of 8746?
8
What is the tens digit of 52682?
8
What is the hundreds digit of 8384?
3
What is the tens digit of 20056?
5
What is the thousands digit of 2105?
2
What is the units digit of 449?
9
What is the thousands digit of 70065?
0
What is the tens digit of 11?
1
What is the tens digit of 10342?
4
What is the hundreds digit of 2632?
6
What is the units digit of 10591?
1
What is the tens digit of 27313?
1
What is the thousands digit of 1138?
1
What is the tens digit of 6387?
8
What is the units digit of 740?
0
What is the tens digit of 6855?
5
What is the tens digit of 12477?
7
What is the thousands digit of 8835?
8
What is the units digit of 567?
7
What is the ten thousands digit of 62491?
6
What is the units digit of 66915?
5
What is the units digit of 8714?
4
What is the ten thousands digit of 11505?
1
What is the units digit of 11956?
6
What is the tens digit of 18519?
1
What is the ten thousands digit of 12331?
1
What is the units digit of 105892?
2
What is the tens digit of 89?
8
What is the units digit of 1766?
6
What is the units digit of 34598?
8
What is the thousands digit of 1162?
1
What is the hundreds digit of 10233?
2
What is the ten thousands digit of 57565?
5
What is the tens digit of 37657?
5
What is the units digit of 25?
5
What is the hundreds digit of 446?
4
What is the tens digit of 1652?
5
What is the tens digit of 1213?
1
What is the tens digit of 2056?
5
What is the thousands digit of 3029?
3
What is the units digit of 47390?
0
What is the hundreds digit of 102922?
9
What is the thousands digit of 7037?
7
What is the ten thousands digit of 15900?
1
What is the units digit of 610?
0
What is the hundreds digit of 6567?
5
What is the tens digit of 1146?
4
What is the ten thousands digit of 51456?
5
What is the tens digit of 5308?
0
What is the hundreds digit of 26576?
5
What is the tens digit of 1317?
1
What is the units digit of 3854?
4
What is the thousands digit of 68640?
8
What is the units digit of 1296?
6
What is the hundreds digit of 6486?
4
What is the thousands digit of 2260?
2
What is the hundreds digit of 1481?
4
What is the units digit of 2595?
5
What is the tens digit of 863?
6
What is the hundreds digit of 9603?
6
What is the hundreds digit of 129645?
6
What is the tens digit of 55?
5
What is the ten thousands digit of 22004?
2
What is the units digit of 18631?
1
What is the ten thousands digit of 109917?
0
What is the hundreds digit of 1301?
3
What is the hundreds digit of 102113?
1
What is the tens digit of 11426?
2
What is the tens digit of 53269?
6
What is the units digit of 7174?
4
What is the hundreds digit of 27180?
1
What is the units digit of 1922?
2
What is the ten thousands digit of 33751?
3
What is the tens digit of 3225?
2
What is the thousands digit of 1608?
1
What is the hundreds digit of 110269?
2
What is the units digit of 24679?
9
What is the thousands digit of 2313?
2
What is the units digit of 4645?
5
What is the units digit of 27?
7
What is the units digit of 5136?
6
What is the units digit of 8671?
1
What is the hundreds digit of 65883?
8
What is the thousands digit of 11910?
1
What is the tens digit of 647?
4
What is the tens digit of 2858?
5
What is the tens digit of 509?
0
What is the units digit of 5949?
9
What is the hundreds digit of 1283?
2
What is the tens digit of 59103?
0
What is the hundreds digit of 112846?
8
What is the hundreds digit of 1409?
4
What is the tens digit of 72597?
9
What is the units digit of 46999?
9
What is the tens digit of 1099?
9
What is the hundreds digit of 36953?
9
What is the units digit of 2365?
5
What is the units digit of 2643?
3
What is the hundreds digit of 1398?
3
What is the ten thousands digit of 32559?
3
What is the units digit of 24056?
6
What is the hundreds digit of 898?
8
What is the thousands digit of 1841?
1
What is the units digit of 71260?
0
What is the tens digit of 894?
9
What is the tens digit of 73709?
0
What is the thousands digit of 30839?
0
What is the hundred thousands digit of 115167?
1
What is the tens digit of 326?
2
What is the tens digit of 2433?
3
What is the hundreds digit of 20563?
5
What is the units digit of 6333?
3
What is the thousands digit of 20110?
0
What is the units digit of 14498?
8
What is the hundreds digit of 2295?
2
What is the tens digit of 11225?
2
What is the tens digit of 40702?
0
What is the tens digit of 878?
7
What is the tens digit of 2801?
0
What is the hundreds digit of 2043?
0
What is the hundreds digit of 4246?
2
What is the units digit of 1125?
5
What is the units digit of 478?
8
What is the hundreds digit of 297?
2
What is the tens digit of 992?
9
What is the hundreds digit of 1047?
0
What is the thousands digit of 2515?
2
What is the ten thousands digit of 29798?
2
What is the units digit of 327?
7
What is the units digit of 8553?
3
What is the units digit of 798?
8
What is the thousands digit of 29